75 a multiple of 19?
False
Is 165888 a multiple of 27?
True
Does 37 divide 1322412?
False
Does 17 divide 1584314?
False
Is 24 a factor of 194286?
False
Does 55 divide 91371?
False
Does 110 divide 1458050?
True
Is 284 a factor of 10508?
True
Does 14 divide 81051?
False
Is 41 a factor of 43391?
False
Does 483 divide 779079?
True
Is 84 a factor of 954330?
False
Is 52650 a multiple of 130?
True
Is 168 a factor of 699216?
True
Is 527 a factor of 499596?
True
Does 21 divide 123399?
False
Is 210 a factor of 169899?
False
Is 233486 a multiple of 18?
False
Does 349 divide 235152?
False
Is 482 a factor of 3180236?
True
Is 318780 a multiple of 35?
True
Does 34 divide 427059?
False
Does 55 divide 468160?
True
Is 8 a factor of 2737040?
True
Is 934453 a multiple of 292?
False
Is 11 a factor of 1531233?
True
Is 16418592 a multiple of 744?
True
Does 18 divide 988398?
True
Does 10 divide 192636?
False
Is 39 a factor of 5966?
False
Does 17 divide 20111289?
True
Is 138696 a multiple of 62?
False
Is 38549 a multiple of 2?
False
Is 587402 a multiple of 1017?
False
Is 2386191 a multiple of 56?
False
Is 5492 a multiple of 13?
False
Is 4340341 a multiple of 19?
True
Is 6241144 a multiple of 14?
True
Is 1809067 a multiple of 871?
True
Is 33 a factor of 1066327?
False
Does 45 divide 96210?
True
Does 477 divide 586233?
True
Does 15 divide 263821?
False
Is 4980960 a multiple of 32?
True
Is 10 a factor of 2686600?
True
Is 13063650 a multiple of 2350?
True
Is 827 a factor of 733549?
True
Is 40594 a multiple of 12?
False
Is 4 a factor of 273400?
True
Does 38 divide 254752?
True
Is 137810 a multiple of 634?
False
Is 530872 a multiple of 8?
True
Is 61 a factor of 1703364?
True
Is 185544 a multiple of 24?
True
Does 129 divide 3461107?
False
Is 252 a factor of 1590372?
True
Does 12 divide 6804?
True
Is 186640 a multiple of 272?
False
Does 3 divide 49125?
True
Does 234 divide 9872694?
True
Is 48572 a multiple of 10?
False
Does 35 divide 3965010?
True
Is 3459186 a multiple of 978?
True
Is 2119325 a multiple of 136?
False
Does 11 divide 71668?
False
Is 23 a factor of 803975?
False
Is 11199168 a multiple of 24?
True
Is 483006 a multiple of 79?
True
Does 49 divide 560005?
False
Is 781339 a multiple of 11?
False
Is 12220 a multiple of 235?
True
Does 76 divide 7227752?
True
Is 23 a factor of 60260?
True
Is 5124260 a multiple of 415?
False
Is 5 a factor of 9?
False
Is 45072 a multiple of 85?
False
Does 138 divide 240706?
False
Is 15033 a multiple of 3?
True
Is 3670 a multiple of 16?
False
Is 1551683 even?
False
Does 397 divide 4280454?
True
Is 1288919 a multiple of 8?
False
Is 68644 a multiple of 131?
True
Is 1238444 a multiple of 191?
True
Is 22 a factor of 752510?
True
Is 19 a factor of 161842?
True
Does 592 divide 2987017?
False
Does 61 divide 3786739?
False
Does 323 divide 520030?
True
Does 27 divide 13498692?
False
Does 53 divide 81021?
False
Is 807963 even?
False
Does 22 divide 2882?
True
Is 10 a factor of 254960?
True
Does 281 divide 35712?
False
Is 4633005 a multiple of 299?
True
Is 5095484 a multiple of 165?
False
Is 183403 a multiple of 38?
False
Is 10920011 a multiple of 674?
False
Is 29664 a multiple of 9?
True
Is 10 a factor of 77900?
True
Does 41 divide 163706?
False
Does 264 divide 3785059?
False
Does 12 divide 3495696?
True
Does 39 divide 25077?
True
Does 323 divide 1719006?
True
Does 48 divide 1253232?
True
Does 7 divide 7776713?
True
Is 13 a factor of 78228?
False
Is 227255 a multiple of 13?
False
Is 39 a factor of 285807?
False
Is 5656512 a multiple of 109?
False
Is 155 a factor of 202430?
True
Is 375336 a multiple of 156?
True
Is 2978550 a multiple of 23?
False
Is 252 a factor of 927518?
False
Is 188708 a multiple of 208?
False
Is 73 a factor of 2035751?
True
Does 60 divide 612180?
True
Is 207 a factor of 289800?
True
Is 10255 a multiple of 7?
True
Is 14 a factor of 228048?
False
Is 25 a factor of 178583?
False
Is 149 a factor of 11639039?
False
Is 4014 a multiple of 9?
True
Does 28 divide 18484?
False
Is 155851 a multiple of 11?
False
Does 127 divide 696792?
False
Is 1635561 a multiple of 5?
False
Is 11594354 a multiple of 549?
False
Is 6 a factor of 662762?
False
Is 13 a factor of 31985?
False
Is 488996 a multiple of 304?
False
Does 55 divide 10629935?
False
Does 11 divide 553480?
False
Is 4576550 a multiple of 1166?
True
Is 23 a factor of 607658?
False
Is 47322 a multiple of 33?
True
Is 6 a factor of 170749?
False
Is 19177 a multiple of 31?
False
Is 98 a factor of 9794259?
False
Does 14 divide 13314?
True
Is 133 a factor of 89739?
False
Is 150233 a multiple of 3?
False
Is 13 a factor of 3358499?
False
Is 24272 a multiple of 3?
False
Is 670710 a multiple of 566?
True
Does 12 divide 5049456?
True
Is 1138 a factor of 3651842?
True
Is 6352759 a multiple of 32?
False
Is 87848 a multiple of 7?
False
Does 29 divide 359687?
True
Is 50 a factor of 2349478?
False
Is 44939 a multiple of 202?
False
Is 151708 a multiple of 17?
True
Is 161199 a multiple of 9?
True
Does 198 divide 45946?
False
Is 22 a factor of 664268?
True
Is 3 a factor of 114745?
False
Does 85 divide 350880?
True
Is 1890312 a multiple of 43?
False
Is 88095 a multiple of 129?
False
Is 104 a factor of 1507918?
False
Is 85 a factor of 503548?
False
Does 475 divide 124380?
False
Does 121 divide 53966?
True
Is 148 a factor of 1133976?
True
Is 9 a factor of 68526?
True
Does 26 divide 550056?
True
Does 9 divide 144081?
True
Is 25 a factor of 155750?
True
Does 229 divide 1637098?
False
Does 87 divide 63777?
False
Is 6 a factor of 57762?
True
Does 96 divide 9017376?
True
Does 43 divide 1755776?
True
Is 264 a factor of 297000?
True
Is 315936 a multiple of 622?
False
Is 429 a factor of 89859?
False
Is 181275 a multiple of 15?
True
Is 14812177 a multiple of 49?
False
Does 344 divide 8588648?
True
Is 140 a factor of 1205260?
True
Does 171 divide 16589975?
False
Is 8 a factor of 2002128?
True
Is 47 a factor of 316169?
True
Is 44 a factor of 621720?
True
Is 118 a factor of 518138?
True
Is 100 a factor of 51800?
True
Does 16 divide 99377?
False
Is 304 a factor of 20774962?
False
Is 1076219 a multiple of 41?
False
Is 354 a factor of 2157149?
False
Is 1086572 a multiple of 116?
True
Does 22 divide 630982?
True
Is 147532 a multiple of 44?
True
Is 2607486 a multiple of 7?
True
Is 13452 a multiple of 4?
True
Does 119 divide 157937?
False
Is 223236 a multiple of 324?
True
Is 409 a factor of 1276319?
False
Is 2676960 a multiple of 30?
True
Is 371272 a multiple of 11?
True
Is 18 a factor of 1825758?
True
Does 149 divide 4543159?
True
Is 154 a factor of 3387226?
False
Is 11 a factor of 535646?
False
Is 1043262 a multiple of 479?
True
Is 103394 a multiple of 4?
False
Is 472 a factor of 1339940?
False
Is 109 a factor of 86298?
False
Is 1015671 a multiple of 92?
False
Is 3633362 a multiple of 53?
True
Does 503 divide 2799175?
False
Is 763 a multiple of 7?
True
Is 303299 a multiple of 13?
False
Is 97 a factor of 428061?
True
Is 1277250 a multiple of 131?
True
Is 39 a factor of 117330?
False
Is 10034244 a multiple of 44?
True
Is 255 a factor of 11450775?
True
Is 365359 a multiple of 16?
False
Is 166 a factor of 155659?
False
Is 203 a factor of 45472?
True
Is 694881 a multiple of 33?
True
Does 138 divide 1286712?
True
Is 316232 a multiple of 13?
False
Is 10378657 a multiple of 416?
False
Is 1504350 a multiple of 13?
False
Is 163 a factor of 2246226?
False
Does 20 divide 134240?
True
Is 218412 a multiple of 9?
True
Does 9 divide 92943?
True
Does 152 divide 6218016?
True
Is 487835 a multiple of 38?
False
Does 186 divide 186372?
True
Is 119088 a multiple of 36?
True
Is 1058458 a multiple of 277?
False
Is 379464 a multiple of 326?
True
Does 47 divide 582995?
False
Does 169 divide 2401828?
True
Is 56177 a multiple of 4?
False
Is 81228 a multiple of 14?
True
Is 23031367 a multiple of 1466?
False
Is 4681152 a multiple of 344?
True
Is 158 a factor of 438292?
True
Does 26 divide 253048?
False
Is 656 a factor of 17124880?
True
Is 12 a factor of 174852?
True
Is 234 a factor of 8390300?
False
Does 53 divide 141822?
False
Is 19 a factor of 19660649?
True
Is 2009 a factor of 3313744?
False
Does 7 divide 2366523?
False
Is 382655 a multiple of 35?
True
Is 23 a factor of 643954?
True
Is 546 a factor of 3790579?
False
Is 241311 a multiple of 7?
True
Is